 (-2 - -17) - 18)?
88
-122 + 45 - (251 - 371)
43
Evaluate (38 - 118) + -23 - (-2 + 5 + -23).
-83
What is the value of -39 - -4 - (1027 - 996)?
-66
Calculate 46 + (29 + -22 - 5).
48
Evaluate (11 - 19) + -13 - -28 - -43.
50
(-38 - -43 - 27 - -65) + 52
95
(2834 - 2956) + 85 + -3
-40
-6 + 1 - (7 + -34 - (-18 + -6))
-2
Calculate (-5 - 46) + 43 + 35.
27
What is (-1 - -18 - 4) + (-38 - -2) + 23 + -23?
-23
What is -1 + -46 - (59 + -3 - 52)?
-51
Evaluate -14 + -2 + -21 + -254 + 235.
-56
What is 10 - 8 - 56 - ((-5 - (0 - 1)) + 5)?
-55
Evaluate -2052 + 2063 - (1 - 15 - -1).
24
47 - ((-2 - -29) + -40) - 2
58
Evaluate -65 - (26 - 50 - 20).
-21
Evaluate -135 - (-8 - 39) - -70.
-18
Evaluate 0 - 2 - (-14 + -2 + -1 - (-444 + 399)).
-30
(-3 - -10) + (-20 - -6 - -13) + 4 + -58
-48
Calculate (141 - 57) + -61 + 33.
56
Evaluate 108 + 13 - (-4 - (2 + -4)) - (7 + 2).
114
-267 - -256 - (11 + 14 - 9)
-27
What is the value of 57 + -18 + 17 + (-17 - -6)?
45
Evaluate (1188 - 1239) + (-1 - -16) + -2.
-38
Evaluate -2 + 0 - 1 - (-7 + (18 - (0 - 18))).
-32
Calculate -12 + 41 - (97 + 56 + -35).
-89
Calculate -59 - -44 - (-16 + -25).
26
Evaluate -4 + 52 - 102 - -40.
-14
Calculate -66 - (81 + -178 + 55).
-24
What is the value of (-23 - (-95 + 5) - (-5 - (-4 - -2))) + -1?
69
Calculate -28 - (-151 + (26 - 14) + -5).
116
What is -92 - ((-8 - 1) + -515 + 498)?
-66
What is 58 + 68 + -135 + 25?
16
Calculate (1 - (-57 + 1)) + -44 + (4 - (-57 + 25)).
49
Calculate 6 - 8 - -7 - 20 - (19 - 85).
51
Calculate -18 + (19 - 0) - -4 - 20 - (-1 - -8).
-22
What is the value of -22 + 1 + 6 + (22 + -38 + 2 - -8)?
-21
Calculate (-2 + 1 - 53) + (22 + -2 - (96 + -79)).
-51
-1 + -27 + 50 + -15
7
Evaluate -9 + (2 - 4) + (-2068 - -1993).
-86
What is the value of 66 + -35 - -2 - 44?
-11
-12 + -1 - (26 + -44 + 22 - -23)
-40
What is the value of -28 - 0 - (-16 - (-35 - (3 - 24)))?
-26
Calculate 40 + 38 + -61 + 27 + -124.
-80
(27 + -57 - -70 - 9) + -120
-89
(-37 - (-1 + 3) - 2) + 1025 + -1012
-28
What is 113 + (16 - -1 - (-364 + 384))?
110
What is the value of 121 + (-41 - -23) + -25 + -9 + -1?
68
Evaluate (-6007 - -6069) + -75 + -2.
-15
57 - (22 + 19 + -78)
94
What is the value of (-80 - (-49 - 19)) + 22?
10
Calculate -43 + (-51 - (22 + -141)).
25
What is the value of (-33 - -14) + 10 + 18 + -28 + 78?
59
What is the value of 45 - 3 - (-19 - 14 - -12)?
63
Evaluate -100 + (201 - 101) - (-1 + -107) - 22.
86
-46 - (-17 - (8 + 9 + 1 + -5 + -19))
-35
What is the value of 8 + (-8 + 12 - 3) - ((-1 - -2) + 77)?
-69
What is 0 + (2 - 0) - (-90 - (-17 + -75))?
0
What is the value of (0 - 6) + -3 + (-43 - (41 + -56)) - 6?
-43
Evaluate (-25 - -20) + 3 + -2 + (-32 - 9).
-45
What is 50 - (33 + (-23 - 25) + 166)?
-101
What is the value of 2 + (-17 - (28 + 5) - 8 - (3 - 5))?
-54
Calculate -74 + -3 + (126 - 48).
1
What is 73 + (-20 - (-35 - -15)) + 14?
87
What is the value of (-7 + 38 - (96 + -48)) + -1 + -55?
-73
Evaluate 30 + (-13 - -2) + 1 + 40 + -38.
22
What is the value of 1849 + -1846 - (-13 + 1)?
15
Evaluate 19 + (-79 - 2) + (164 - 148).
-46
Calculate (8 - 5) + 3 + -11 + -8 + (21 - -13).
21
(-82 - -42 - -24 - 3) + 134
115
Calculate -2 + 13 - (-2 - -5 - (40 - 56 - -13)).
5
Evaluate -23 + 37 - (-27 + 17 - (0 + 83 + 3)).
110
Evaluate (7 - 6 - -6) + -28 + (30 - (23 + -12)).
-2
What is -4 + (104 + -32 - -25)?
93
Evaluate -2 - (1 + (26 - 0) + -2 + -224 + 226).
-29
What is the value of (-12 - ((-4 - -10) + 10)) + -14 + (10 - 3)?
-35
What is 12 - 8 - (-7 - 20 - 17)?
48
Calculate 11 + -20 + -1 + 10 + 6 - (3 - -10).
-7
Calculate 20 + (2 - -3) + -21 + 27 + -14 + 12.
29
What is the value of -21 + (-31 + -6 - (-249 - -72))?
119
What is the value of (0 - 38) + (2419 - 2439) - (0 + 11)?
-69
Calculate 3 - 39 - (-61 + 79 - -26).
-80
Evaluate 11 + -56 - (2 + -7 - (10 + -14)).
-44
Evaluate 3 + (-10 - 4) - (32 + -3 - 17).
-23
What is -5 - (11 + (487 - 476 - (-1 + 3)))?
-25
What is 0 + 47 - ((56 - 117) + 53)?
55
10 - (-4 + 27 - (8 + -66))
-71
43 - 3 - (-1168 + 1215)
-7
What is the value of -52 + ((-9 - 1) + 2 + -5 - 0) + 12?
-53
What is 9 - 2 - ((42 + -18 - 36) + -33)?
52
Evaluate (-7 - ((-26 - -19) + 5)) + -3 + 18 + -77.
-67
Calculate -54 - (33 + (-10 - 65)).
-12
35 + (21 - (-29 - -17)) - -16
84
Calculate 2 + 23 + (16 - 12 - -7) - 9.
27
Calculate -4 - (12 + -2 + 24 + (34 - 128)).
56
What is -10 + (-2 - ((-8 - 5) + 10)) + 44 - -1?
36
(-2 - -67 - 2) + (-1510 - -1494)
47
(3 + -1 - (-51 - -37)) + 14 - 3
27
What is the value of 7 + (-1081 - -1106) + -11 + (-2 - 0 - -2)?
21
What is the value of -10 - -16 - (10 - 13) - 26 - 12?
-29
Calculate (0 - -1) + 49 + (-115 - -87).
22
(-4 - 102) + 860 + -801
-47
What is (-1 - -4) + (-9 + (27 - 12) - 3)?
6
What is the value of 4 + -49 - (226 + -315)?
44
What is 75 + (11 - 20) + 24?
90
Calculate 0 + -12 + -14 + (39 - (20 - 5)) + -15.
-17
Calculate -13 - ((-1 - -19 - -2 - 8) + -112).
87
Calculate 9 + -10 + -15 + 52 + -22.
14
What is (-29 - (12 + 0 - (-110 + 118))) + 13?
-20
Calculate -1 + (-2 + (-42 - -19) - -17 - (0 + 10)).
-19
Calculate 72 + -15 - (-176 + 245).
-12
What is -20 + (2 - (3 + -29 - -24))?
-16
What is 12 - (4 + (8 - -21 - 19))?
-2
What is the value of 4 - ((21 + -18 - 2) + -4)?
7
54 - 3 - ((17 - 40) + 33)
41
What is the value of (-197 - -86) + 102 - (-2 + 2 - 1)?
-8
What is -2617 - -2633 - (0 + -18)?
34
What is -116 + 95 + -106 + 48?
-79
What is -1 - -3 - (2 - 25 - (-25 - 14) - -40)?
-54
Calculate -9 + 92 + (14 - (-1 + (7 - 0))).
91
(-8637 - -8479) + (90 - 0)
-68
What is the value of -85 - (13 + (2 - 7) + 15 + -15)?
-93
Evaluate -9 + -2 + 5 - (117 + -158) - -11.
46
What is the value of -42 - (-24 + (-12 + 18 + 10 - 1))?
-33
Evaluate (-16 - 4) + (-7 - -68).
41
What is the value of (-4 - 0 - -13) + (0 + -21 - 39)?
-51
Evaluate -3 + -39 + (-25 - 78 - -83).
-62
-444 - -393 - (3 + 8)
-62
Calculate -1 + -35 + (253 - 226) - (-7 - (-1 - 4)).
-7
Evaluate 9 - ((-4 - 2) + -99 + 123).
-9
What is (-37 - (14 - 25)) + 31 + (-31 - -1)?
-25
Calculate (5 - -15) + -41 - 24.
-45
What is the value of -9583 - -9622 - (-2 + (12 - 3))?
32
Evaluate (64 - 152) + 38 + -94.
-144
-64 + (-39 - -49) + 43 + (-90 - 0)
-101
Calculate -33 + (7 - -8) + (-3 - -3 - -11).
-7
What is (62 - 50) + (-2 - -5) - 5?
10
Evaluate -1 - -19 - (-74 + 49).
43
(-5 - 3 - (-12 + 5 - -7)) + (6 - 5)
-7
What is -22 + 47 + 8 + (-18 - 86)?
-71
Evaluate -80 - (-39 + (-83 - 6)).
48
What is the value of -112 + -48 + -90 - -125?
-125
What is the value of 9 + (-79 - 31 - -88) + -2 + 8?
-7
Calculate -8 - (-5 + -2 + (3 - 5) - (83 - 125)).
-41
What is (-1 - 38) + 371 + -424 + 105?
13
Evaluate -46 - -58 - (-17 + 1 + 13 + -6 + 6).
15
What is the value of 42 + (2 - 1) + (21500 - 21509)?
34
What is 3 - -8 - (-3 + 21 + 69 + -90)?
14
What is the value of -32 - (12 + -91) - (0 - 0)?
47
Evaluate -9 + (-23 - (21 + -9 + -28)).
-16
-16 - -5 - (-266 - -302 - (0 + 16))
-31
What is (-5 - -4) + -6 + (1 - 59) + -162 + 168?
-59
2 + (10 - (-28 + 8) - (6 + -9 - -12))
23
1 - (1 + (3 - -5) - (-10 + 28) - -26)
-16
What is -37 + (-72 - (-103 + 48))?
-54
4 + 19 + (15 - 81 - -12)
-31
-2 + -2 + 42 + 39 + 7 + -39
45
What is (7 - (14 + -5)) + ((11 - 177) + -1 - -14)?
-155
What is the value of 132 + (-51 - 31) + (-1 - 7)?
42
Calculate -5 + 63 + -102 + 0 + -5 + 8 + 2.
-39
Evaluate (-3 + -6 - 51 - (-2 + 13)) + 15.
-56
(-10 - (-5 - (3 + -13))) + (75 - (-1 - -11))
50
29 - (26 - 15 - 38 - -107)
-51
What is -4 - 0 - -47 - (83 + -177 + 82)?
55
(19 + -73 - 31) + 27
-58
Calculate (1 - (-3 - -4)) + -3 + (-1294 - -1213).
-84
What is 37 + (-23 - -49) - 136?
-73
Calculate -7 - ((-5 - -14) + (-4 - -6) - 9).
-9
-4 + 1 + -2 + (-77 - (-46 + 83 + -39))
-80
3 + -1 + 8 + -8 + 5 + (32 - 57)
-18
2 + 41 + -1 + -130 + 58 + 8 + 64
42
Evaluate -84 - (-1 + 4 - (-9 + 16 + 0)).
-80
Evaluate -11 + -143 + 134 + -98 - -31.
-87
Evaluate (29 - -64) + -41 + -74.
-22
Evaluate (3 - (-4 - -3)) + 5 - (-5 + 41).
-27
Evaluate 23 + -14 + 7 + -13 + (-6 - (-101 + 2)).
96
Evaluate -22 + (29 - (17 + 2)) - -14.
2
What is the value of -87 - (-113 + (15 - 54))?
65
What is 24 - (54 - -16 - 7)?
-39
What is the value of -40 + -133 + 75 - -4?
-94
-743 - -730 - (-2 + 2)
-13
(0 + 13 - 8 - -8) + (23 - 11)
25
What is 31 + 42 + -40 - -75?
108
Calculate (90 - -11 - 97) + (-1 - 56).
-53
What is the value of (-105 - 1) + (-8 - (2 - 4)) + -1 + -6?